{"id":157,"date":"2013-08-15T13:33:36","date_gmt":"2013-08-15T12:33:36","guid":{"rendered":"http:\/\/www.st-jacques-lorraine.fr\/asso_lorraine\/nvx_site\/?page_id=157"},"modified":"2014-10-26T18:16:00","modified_gmt":"2014-10-26T17:16:00","slug":"la-carto-du-trace-du-chemin-dans-notre-region","status":"publish","type":"page","link":"https:\/\/www.st-jacques-lorraine.fr\/asso_lorraine\/nvx_site\/carto\/la-carto-du-trace-du-chemin-dans-notre-region\/","title":{"rendered":"Le chemin traversant notre r\u00e9gion"},"content":{"rendered":"<p><strong><span style=\"color: #ff6600;\">Retrouvez ci-dessous<\/span><\/strong>, le \u00ab\u00a0trac\u00e9\u00a0\u00bb du chemin traversant\u00a0notre r\u00e9gion <em>(la pr\u00e9cision est de + ou &#8211; 600 m).<\/em><\/p>\n<p><script src=\"http:\/\/www.openrunner.com\/orservice\/inorser-script.php?key=mykey&amp;ser=S04&amp;id=3926838&amp;w=1000&amp;h=1000&amp;k=10&amp;oc=1&amp;c=0&amp;ts=1407068861\"><\/script><\/p>\n<p><strong>L&rsquo;altim\u00e9trie<\/strong> ci-dessous du chemin empruntant notre r\u00e9gion de Schengen \u00e0 Langres.<\/p>\n<p><a href=\"https:\/\/www.st-jacques-lorraine.fr\/asso_lorraine\/nvx_site\/wp-content\/uploads\/2013\/08\/altim\u00e9trie.jpg\"><br \/>\n<\/a><a href=\"https:\/\/www.st-jacques-lorraine.fr\/asso_lorraine\/nvx_site\/wp-content\/uploads\/2013\/08\/altim\u00e9trie1.jpg\"><img loading=\"lazy\" decoding=\"async\" class=\"aligncenter wp-image-752 size-full\" src=\"https:\/\/www.st-jacques-lorraine.fr\/asso_lorraine\/nvx_site\/wp-content\/uploads\/2013\/08\/altim\u00e9trie1.jpg\" alt=\"altim\u00e9trie\" width=\"1842\" height=\"672\" srcset=\"https:\/\/www.st-jacques-lorraine.fr\/asso_lorraine\/nvx_site\/wp-content\/uploads\/2013\/08\/altim\u00e9trie1.jpg 1842w, https:\/\/www.st-jacques-lorraine.fr\/asso_lorraine\/nvx_site\/wp-content\/uploads\/2013\/08\/altim\u00e9trie1-300x109.jpg 300w, https:\/\/www.st-jacques-lorraine.fr\/asso_lorraine\/nvx_site\/wp-content\/uploads\/2013\/08\/altim\u00e9trie1-1024x373.jpg 1024w\" sizes=\"auto, (max-width: 1842px) 100vw, 1842px\" \/><\/a><\/p>\n<p><strong>Prochainement<\/strong> une cartographie permettra de rep\u00e9rer les zones o\u00f9 sont localis\u00e9es les refuges \u00e0 destination des p\u00e8lerins.<\/p>\n<p><span style=\"color: #99cc00;\"><strong><em>[Pour disposer de leurs coordonn\u00e9es, je vous invite \u00e0 vous rapprocher d&rsquo;un office de tourisme participant ou d&rsquo;une mairie.]<\/em><\/strong><\/span><\/p>\n<p><span style=\"color: #ff6600;\"><strong>Commandez notre guide<\/strong><\/span> si vous souhaitez disposer de plus de d\u00e9tails, de contenu et d&rsquo;informations relatives au parcours.<\/p>\n<p style=\"text-align: center;\"><em>[Tous les fonds r\u00e9colt\u00e9s, nous permettent de faire vivre notre \u00ab\u00a0petite\u00a0\u00bb association : organiser des rencontres entre membres, participer \u00e0 des forums, promouvoir notre chemin.]<\/em><\/p>\n","protected":false},"excerpt":{"rendered":"<p>Retrouvez ci-dessous, le \u00ab\u00a0trac\u00e9\u00a0\u00bb du chemin traversant\u00a0notre r\u00e9gion (la pr\u00e9cision est de + ou &#8211; 600 m). L&rsquo;altim\u00e9trie ci-dessous du chemin empruntant notre r\u00e9gion de Schengen \u00e0 Langres. Prochainement une cartographie permettra de rep\u00e9rer les zones o\u00f9 sont localis\u00e9es les &hellip; <a href=\"https:\/\/www.st-jacques-lorraine.fr\/asso_lorraine\/nvx_site\/carto\/la-carto-du-trace-du-chemin-dans-notre-region\/\">Continuer la lecture <span class=\"meta-nav\">&rarr;<\/span><\/a><\/p>\n","protected":false},"author":2,"featured_media":0,"parent":940,"menu_order":1,"comment_status":"closed","ping_status":"closed","template":"onecolumn-page.php","meta":{"footnotes":""},"class_list":["post-157","page","type-page","status-publish","hentry"],"_links":{"self":[{"href":"https:\/\/www.st-jacques-lorraine.fr\/asso_lorraine\/nvx_site\/wp-json\/wp\/v2\/pages\/157","targetHints":{"allow":["GET"]}}],"collection":[{"href":"https:\/\/www.st-jacques-lorraine.fr\/asso_lorraine\/nvx_site\/wp-json\/wp\/v2\/pages"}],"about":[{"href":"https:\/\/www.st-jacques-lorraine.fr\/asso_lorraine\/nvx_site\/wp-json\/wp\/v2\/types\/page"}],"author":[{"embeddable":true,"href":"https:\/\/www.st-jacques-lorraine.fr\/asso_lorraine\/nvx_site\/wp-json\/wp\/v2\/users\/2"}],"replies":[{"embeddable":true,"href":"https:\/\/www.st-jacques-lorraine.fr\/asso_lorraine\/nvx_site\/wp-json\/wp\/v2\/comments?post=157"}],"version-history":[{"count":25,"href":"https:\/\/www.st-jacques-lorraine.fr\/asso_lorraine\/nvx_site\/wp-json\/wp\/v2\/pages\/157\/revisions"}],"predecessor-version":[{"id":944,"href":"https:\/\/www.st-jacques-lorraine.fr\/asso_lorraine\/nvx_site\/wp-json\/wp\/v2\/pages\/157\/revisions\/944"}],"up":[{"embeddable":true,"href":"https:\/\/www.st-jacques-lorraine.fr\/asso_lorraine\/nvx_site\/wp-json\/wp\/v2\/pages\/940"}],"wp:attachment":[{"href":"https:\/\/www.st-jacques-lorraine.fr\/asso_lorraine\/nvx_site\/wp-json\/wp\/v2\/media?parent=157"}],"curies":[{"name":"wp","href":"https:\/\/api.w.org\/{rel}","templated":true}]}}

Le chemin traversant notre région

<p><strong><span style="color: #ff6600;">Retrouvez ci-dessous</span></strong>, le « tracé » du chemin traversant notre région <em>(la précision est de + ou &#8211; 600 m).</em></p>
<p><script src="http://www.openrunner.com/orservice/inorser-script.php?key=mykey&amp;ser=S04&amp;id=3926838&amp;w=1000&amp;h=1000&amp;k=10&amp;oc=1&amp;c=0&amp;ts=1407068861"></script></p>
<p><strong>L&rsquo;altimétrie</strong> ci-dessous du chemin empruntant notre région de Schengen à Langres.</p>
<p><a href="https://www.st-jacques-lorraine.fr/asso_lorraine/nvx_site/wp-content/uploads/2013/08/altimétrie.jpg"><br />
</a><a href="https://www.st-jacques-lorraine.fr/asso_lorraine/nvx_site/wp-content/uploads/2013/08/altimétrie1.jpg"><img loading="lazy" decoding="async" class="aligncenter wp-image-752 size-full" src="https://www.st-jacques-lorraine.fr/asso_lorraine/nvx_site/wp-content/uploads/2013/08/altimétrie1.jpg" alt="altimétrie" width="1842" height="672" srcset="https://www.st-jacques-lorraine.fr/asso_lorraine/nvx_site/wp-content/uploads/2013/08/altimétrie1.jpg 1842w, https://www.st-jacques-lorraine.fr/asso_lorraine/nvx_site/wp-content/uploads/2013/08/altimétrie1-300x109.jpg 300w, https://www.st-jacques-lorraine.fr/asso_lorraine/nvx_site/wp-content/uploads/2013/08/altimétrie1-1024x373.jpg 1024w" sizes="auto, (max-width: 1842px) 100vw, 1842px" /></a></p>
<p><strong>Prochainement</strong> une cartographie permettra de repérer les zones où sont localisées les refuges à destination des pèlerins.</p>
<p><span style="color: #99cc00;"><strong><em>[Pour disposer de leurs coordonnées, je vous invite à vous rapprocher d&rsquo;un office de tourisme participant ou d&rsquo;une mairie.]</em></strong></span></p>
<p><span style="color: #ff6600;"><strong>Commandez notre guide</strong></span> si vous souhaitez disposer de plus de détails, de contenu et d&rsquo;informations relatives au parcours.</p>
<p style="text-align: center;"><em>[Tous les fonds récoltés, nous permettent de faire vivre notre « petite » association : organiser des rencontres entre membres, participer à des forums, promouvoir notre chemin.]</em></p>

<p>Retrouvez ci-dessous, le « tracé » du chemin traversant notre région (la précision est de + ou &#8211; 600 m). L&rsquo;altimétrie ci-dessous du chemin empruntant notre région de Schengen à Langres. Prochainement une cartographie permettra de repérer les zones où sont localisées les &hellip; <a href="https://www.st-jacques-lorraine.fr/asso_lorraine/nvx_site/carto/la-carto-du-trace-du-chemin-dans-notre-region/">Continuer la lecture <span class="meta-nav">&rarr;</span></a></p>
