{"id":2481,"date":"2024-04-07T08:48:25","date_gmt":"2024-04-07T07:48:25","guid":{"rendered":"https:\/\/www.st-jacques-lorraine.fr\/asso_lorraine\/nvx_site\/?page_id=2481"},"modified":"2024-04-07T08:50:03","modified_gmt":"2024-04-07T07:50:03","slug":"assemblee-generale-25-fevrier-2024","status":"publish","type":"page","link":"https:\/\/www.st-jacques-lorraine.fr\/asso_lorraine\/nvx_site\/la-phototheque\/assemblee-generale-25-fevrier-2024\/","title":{"rendered":"2024-02  Assembl\u00e9e G\u00e9n\u00e9rale"},"content":{"rendered":"\n<p>Assembl\u00e9e qui a r\u00e9uni environ 80 personnes \u00e0 Toul le 25 f\u00e9vrier avec visite de la cath\u00e9drale l&rsquo;apr\u00e8s-midi.<\/p>\n\n\n\n<figure class=\"wp-block-image size-large\"><a href=\"https:\/\/www.st-jacques-lorraine.fr\/asso_lorraine\/nvx_site\/wp-content\/uploads\/2024\/04\/IMG_20240224_101839-scaled.jpg\"><img loading=\"lazy\" decoding=\"async\" width=\"1024\" height=\"768\" src=\"https:\/\/www.st-jacques-lorraine.fr\/asso_lorraine\/nvx_site\/wp-content\/uploads\/2024\/04\/IMG_20240224_101839-1024x768.jpg\" alt=\"\" class=\"wp-image-2482\" srcset=\"https:\/\/www.st-jacques-lorraine.fr\/asso_lorraine\/nvx_site\/wp-content\/uploads\/2024\/04\/IMG_20240224_101839-1024x768.jpg 1024w, https:\/\/www.st-jacques-lorraine.fr\/asso_lorraine\/nvx_site\/wp-content\/uploads\/2024\/04\/IMG_20240224_101839-300x225.jpg 300w, https:\/\/www.st-jacques-lorraine.fr\/asso_lorraine\/nvx_site\/wp-content\/uploads\/2024\/04\/IMG_20240224_101839-768x576.jpg 768w, https:\/\/www.st-jacques-lorraine.fr\/asso_lorraine\/nvx_site\/wp-content\/uploads\/2024\/04\/IMG_20240224_101839-1536x1152.jpg 1536w, https:\/\/www.st-jacques-lorraine.fr\/asso_lorraine\/nvx_site\/wp-content\/uploads\/2024\/04\/IMG_20240224_101839-2048x1536.jpg 2048w\" sizes=\"auto, (max-width: 1024px) 100vw, 1024px\" \/><\/a><\/figure>\n\n\n\n<figure class=\"wp-block-image size-large\"><a href=\"https:\/\/www.st-jacques-lorraine.fr\/asso_lorraine\/nvx_site\/wp-content\/uploads\/2024\/04\/Collage_20240407_092942-scaled.jpg\"><img loading=\"lazy\" decoding=\"async\" width=\"585\" height=\"1024\" src=\"https:\/\/www.st-jacques-lorraine.fr\/asso_lorraine\/nvx_site\/wp-content\/uploads\/2024\/04\/Collage_20240407_092942-585x1024.jpg\" alt=\"\" class=\"wp-image-2483\" srcset=\"https:\/\/www.st-jacques-lorraine.fr\/asso_lorraine\/nvx_site\/wp-content\/uploads\/2024\/04\/Collage_20240407_092942-585x1024.jpg 585w, https:\/\/www.st-jacques-lorraine.fr\/asso_lorraine\/nvx_site\/wp-content\/uploads\/2024\/04\/Collage_20240407_092942-171x300.jpg 171w, https:\/\/www.st-jacques-lorraine.fr\/asso_lorraine\/nvx_site\/wp-content\/uploads\/2024\/04\/Collage_20240407_092942-768x1344.jpg 768w, https:\/\/www.st-jacques-lorraine.fr\/asso_lorraine\/nvx_site\/wp-content\/uploads\/2024\/04\/Collage_20240407_092942-877x1536.jpg 877w, https:\/\/www.st-jacques-lorraine.fr\/asso_lorraine\/nvx_site\/wp-content\/uploads\/2024\/04\/Collage_20240407_092942-1170x2048.jpg 1170w, https:\/\/www.st-jacques-lorraine.fr\/asso_lorraine\/nvx_site\/wp-content\/uploads\/2024\/04\/Collage_20240407_092942-scaled.jpg 1462w\" sizes=\"auto, (max-width: 585px) 100vw, 585px\" \/><\/a><\/figure>\n","protected":false},"excerpt":{"rendered":"<p>Assembl\u00e9e qui a r\u00e9uni environ 80 personnes \u00e0 Toul le 25 f\u00e9vrier avec visite de la cath\u00e9drale l&rsquo;apr\u00e8s-midi.<\/p>\n","protected":false},"author":2,"featured_media":0,"parent":134,"menu_order":0,"comment_status":"closed","ping_status":"closed","template":"","meta":{"footnotes":""},"class_list":["post-2481","page","type-page","status-publish","hentry"],"_links":{"self":[{"href":"https:\/\/www.st-jacques-lorraine.fr\/asso_lorraine\/nvx_site\/wp-json\/wp\/v2\/pages\/2481","targetHints":{"allow":["GET"]}}],"collection":[{"href":"https:\/\/www.st-jacques-lorraine.fr\/asso_lorraine\/nvx_site\/wp-json\/wp\/v2\/pages"}],"about":[{"href":"https:\/\/www.st-jacques-lorraine.fr\/asso_lorraine\/nvx_site\/wp-json\/wp\/v2\/types\/page"}],"author":[{"embeddable":true,"href":"https:\/\/www.st-jacques-lorraine.fr\/asso_lorraine\/nvx_site\/wp-json\/wp\/v2\/users\/2"}],"replies":[{"embeddable":true,"href":"https:\/\/www.st-jacques-lorraine.fr\/asso_lorraine\/nvx_site\/wp-json\/wp\/v2\/comments?post=2481"}],"version-history":[{"count":2,"href":"https:\/\/www.st-jacques-lorraine.fr\/asso_lorraine\/nvx_site\/wp-json\/wp\/v2\/pages\/2481\/revisions"}],"predecessor-version":[{"id":2485,"href":"https:\/\/www.st-jacques-lorraine.fr\/asso_lorraine\/nvx_site\/wp-json\/wp\/v2\/pages\/2481\/revisions\/2485"}],"up":[{"embeddable":true,"href":"https:\/\/www.st-jacques-lorraine.fr\/asso_lorraine\/nvx_site\/wp-json\/wp\/v2\/pages\/134"}],"wp:attachment":[{"href":"https:\/\/www.st-jacques-lorraine.fr\/asso_lorraine\/nvx_site\/wp-json\/wp\/v2\/media?parent=2481"}],"curies":[{"name":"wp","href":"https:\/\/api.w.org\/{rel}","templated":true}]}}

2024-02  Assemblée Générale

<p>Assemblée qui a réuni environ 80 personnes à Toul le 25 février avec visite de la cathédrale l&rsquo;après-midi.</p>



<figure class="wp-block-image size-large"><a href="https://www.st-jacques-lorraine.fr/asso_lorraine/nvx_site/wp-content/uploads/2024/04/IMG_20240224_101839-scaled.jpg"><img loading="lazy" decoding="async" width="1024" height="768" src="https://www.st-jacques-lorraine.fr/asso_lorraine/nvx_site/wp-content/uploads/2024/04/IMG_20240224_101839-1024x768.jpg" alt="" class="wp-image-2482" srcset="https://www.st-jacques-lorraine.fr/asso_lorraine/nvx_site/wp-content/uploads/2024/04/IMG_20240224_101839-1024x768.jpg 1024w, https://www.st-jacques-lorraine.fr/asso_lorraine/nvx_site/wp-content/uploads/2024/04/IMG_20240224_101839-300x225.jpg 300w, https://www.st-jacques-lorraine.fr/asso_lorraine/nvx_site/wp-content/uploads/2024/04/IMG_20240224_101839-768x576.jpg 768w, https://www.st-jacques-lorraine.fr/asso_lorraine/nvx_site/wp-content/uploads/2024/04/IMG_20240224_101839-1536x1152.jpg 1536w, https://www.st-jacques-lorraine.fr/asso_lorraine/nvx_site/wp-content/uploads/2024/04/IMG_20240224_101839-2048x1536.jpg 2048w" sizes="auto, (max-width: 1024px) 100vw, 1024px" /></a></figure>



<figure class="wp-block-image size-large"><a href="https://www.st-jacques-lorraine.fr/asso_lorraine/nvx_site/wp-content/uploads/2024/04/Collage_20240407_092942-scaled.jpg"><img loading="lazy" decoding="async" width="585" height="1024" src="https://www.st-jacques-lorraine.fr/asso_lorraine/nvx_site/wp-content/uploads/2024/04/Collage_20240407_092942-585x1024.jpg" alt="" class="wp-image-2483" srcset="https://www.st-jacques-lorraine.fr/asso_lorraine/nvx_site/wp-content/uploads/2024/04/Collage_20240407_092942-585x1024.jpg 585w, https://www.st-jacques-lorraine.fr/asso_lorraine/nvx_site/wp-content/uploads/2024/04/Collage_20240407_092942-171x300.jpg 171w, https://www.st-jacques-lorraine.fr/asso_lorraine/nvx_site/wp-content/uploads/2024/04/Collage_20240407_092942-768x1344.jpg 768w, https://www.st-jacques-lorraine.fr/asso_lorraine/nvx_site/wp-content/uploads/2024/04/Collage_20240407_092942-877x1536.jpg 877w, https://www.st-jacques-lorraine.fr/asso_lorraine/nvx_site/wp-content/uploads/2024/04/Collage_20240407_092942-1170x2048.jpg 1170w, https://www.st-jacques-lorraine.fr/asso_lorraine/nvx_site/wp-content/uploads/2024/04/Collage_20240407_092942-scaled.jpg 1462w" sizes="auto, (max-width: 585px) 100vw, 585px" /></a></figure>

<p>Assemblée qui a réuni environ 80 personnes à Toul le 25 février avec visite de la cathédrale l&rsquo;après-midi.</p>
