{"id":3761,"date":"2026-02-12T10:28:08","date_gmt":"2026-02-12T09:28:08","guid":{"rendered":"https:\/\/www.st-jacques-lorraine.fr\/asso_lorraine\/nvx_site\/?page_id=3761"},"modified":"2026-02-12T10:29:44","modified_gmt":"2026-02-12T09:29:44","slug":"pelerinage-voie-darles-en-bus-ou-a-pied-du-8-au-18-septembre-2026-depart-dijon","status":"publish","type":"page","link":"https:\/\/www.st-jacques-lorraine.fr\/asso_lorraine\/nvx_site\/association\/dates-a-retenir-en-2014\/pelerinage-voie-darles-en-bus-ou-a-pied-du-8-au-18-septembre-2026-depart-dijon\/","title":{"rendered":"P\u00e8lerinage Voie d&rsquo;Arles en bus ou \u00e0 pied du 8 au 18 septembre 2026, d\u00e9part Dijon"},"content":{"rendered":"\n<blockquote class=\"wp-block-quote is-layout-flow wp-block-quote-is-layout-flow\">\n<p>Ce p\u00e8lerinage est organis\u00e9 conjointement par l\u2019Association des Chemins de Compostelle et de Rome en Bourgogne et Franche-Comt\u00e9 (ACCR-BFC) et le Service des P\u00e8lerinages de la Maison Dioc\u00e9saine de Dijon.<\/p>\n\n\n\n<p>La priorit\u00e9 sera donn\u00e9e aux marches qui sont toutes sans difficult\u00e9 majeure et qui se d\u00e9rouleront sur des nouveaux parcours symboliques et\/ou charg\u00e9s d\u2019histoire et qui seront compl\u00e9t\u00e9es par des visites&nbsp;; il y aura r\u00e9guli\u00e8rement des petites et des grandes marches.<\/p>\n\n\n\n<p><strong>Le prix &nbsp;est de 1290\u20ac sur la base de 36 inscrits.<\/strong><\/p>\n\n\n\n<p>Ce prix comprend&nbsp;:<\/p>\n\n\n\n<p>\u2013&nbsp;&nbsp;&nbsp;&nbsp;&nbsp;&nbsp;le transport de Dijon \u00e0 Dijon en autocar de tourisme<\/p>\n\n\n\n<p>\u2013&nbsp;&nbsp;&nbsp;&nbsp;&nbsp;&nbsp;l\u2019h\u00e9bergement en chambres doubles ou triples<\/p>\n\n\n\n<p>\u2013&nbsp;&nbsp;&nbsp;&nbsp;&nbsp;&nbsp;la pension compl\u00e8te comme indiqu\u00e9e dans le programme, du d\u00eener du jour 1 au d\u00e9jeuner du jour 11 inclus sous forme de pique-nique pour le d\u00e9jeuner et de repas chaud le soir.<\/p>\n\n\n\n<p>\u2013&nbsp;&nbsp;&nbsp;&nbsp;&nbsp;&nbsp;Les visites pr\u00e9vues au programme<\/p>\n\n\n\n<p>\u2013&nbsp;&nbsp;&nbsp;&nbsp;&nbsp;&nbsp;l\u2019assurance responsabilit\u00e9 civile et l\u2019assistance<\/p>\n\n\n\n<p>Vous trouverez le programme d\u00e9taill\u00e9 et le bulletin d\u2019inscription dans les deux documents ci joints.<\/p>\n<\/blockquote>\n\n\n\n<div data-wp-interactive=\"core\/file\" class=\"wp-block-file\"><object data-wp-bind--hidden=\"!state.hasPdfPreview\" hidden class=\"wp-block-file__embed\" data=\"https:\/\/www.st-jacques-lorraine.fr\/asso_lorraine\/nvx_site\/wp-content\/uploads\/2026\/02\/saint-jacques-de-compostelle-septembre-2026-Informations.pdf\" type=\"application\/pdf\" style=\"width:100%;height:600px\" aria-label=\"Contenu embarqu\u00e9 saint jacques de compostelle - septembre 2026- Informations.\"><\/object><a id=\"wp-block-file--media-bf90eff6-2bf0-4126-85c4-9d3be8714336\" href=\"https:\/\/www.st-jacques-lorraine.fr\/asso_lorraine\/nvx_site\/wp-content\/uploads\/2026\/02\/saint-jacques-de-compostelle-septembre-2026-Informations.pdf\">saint jacques de compostelle &#8211; septembre 2026- Informations<\/a><a href=\"https:\/\/www.st-jacques-lorraine.fr\/asso_lorraine\/nvx_site\/wp-content\/uploads\/2026\/02\/saint-jacques-de-compostelle-septembre-2026-Informations.pdf\" class=\"wp-block-file__button wp-element-button\" download aria-describedby=\"wp-block-file--media-bf90eff6-2bf0-4126-85c4-9d3be8714336\">T\u00e9l\u00e9charger<\/a><\/div>\n\n\n\n<div data-wp-interactive=\"core\/file\" class=\"wp-block-file\"><object data-wp-bind--hidden=\"!state.hasPdfPreview\" hidden class=\"wp-block-file__embed\" data=\"https:\/\/www.st-jacques-lorraine.fr\/asso_lorraine\/nvx_site\/wp-content\/uploads\/2026\/02\/Bulletin-inscription-Compostelle-2026.pdf\" type=\"application\/pdf\" style=\"width:100%;height:600px\" aria-label=\"Contenu embarqu\u00e9 Bulletin inscription -Compostelle 2026.\"><\/object><a id=\"wp-block-file--media-9108babd-66b1-449c-937a-8fe918509385\" href=\"https:\/\/www.st-jacques-lorraine.fr\/asso_lorraine\/nvx_site\/wp-content\/uploads\/2026\/02\/Bulletin-inscription-Compostelle-2026.pdf\">Bulletin inscription -Compostelle 2026<\/a><a href=\"https:\/\/www.st-jacques-lorraine.fr\/asso_lorraine\/nvx_site\/wp-content\/uploads\/2026\/02\/Bulletin-inscription-Compostelle-2026.pdf\" class=\"wp-block-file__button wp-element-button\" download aria-describedby=\"wp-block-file--media-9108babd-66b1-449c-937a-8fe918509385\">T\u00e9l\u00e9charger<\/a><\/div>\n","protected":false},"excerpt":{"rendered":"<p>Ce p\u00e8lerinage est organis\u00e9 conjointement par l\u2019Association des Chemins de Compostelle et de Rome en Bourgogne et Franche-Comt\u00e9 (ACCR-BFC) et le Service des P\u00e8lerinages de la Maison Dioc\u00e9saine de Dijon. La priorit\u00e9 sera donn\u00e9e aux marches qui sont toutes sans &hellip; <a href=\"https:\/\/www.st-jacques-lorraine.fr\/asso_lorraine\/nvx_site\/association\/dates-a-retenir-en-2014\/pelerinage-voie-darles-en-bus-ou-a-pied-du-8-au-18-septembre-2026-depart-dijon\/\">Continuer la lecture <span class=\"meta-nav\">&rarr;<\/span><\/a><\/p>\n","protected":false},"author":2,"featured_media":0,"parent":465,"menu_order":0,"comment_status":"closed","ping_status":"closed","template":"","meta":{"footnotes":""},"class_list":["post-3761","page","type-page","status-publish","hentry"],"_links":{"self":[{"href":"https:\/\/www.st-jacques-lorraine.fr\/asso_lorraine\/nvx_site\/wp-json\/wp\/v2\/pages\/3761","targetHints":{"allow":["GET"]}}],"collection":[{"href":"https:\/\/www.st-jacques-lorraine.fr\/asso_lorraine\/nvx_site\/wp-json\/wp\/v2\/pages"}],"about":[{"href":"https:\/\/www.st-jacques-lorraine.fr\/asso_lorraine\/nvx_site\/wp-json\/wp\/v2\/types\/page"}],"author":[{"embeddable":true,"href":"https:\/\/www.st-jacques-lorraine.fr\/asso_lorraine\/nvx_site\/wp-json\/wp\/v2\/users\/2"}],"replies":[{"embeddable":true,"href":"https:\/\/www.st-jacques-lorraine.fr\/asso_lorraine\/nvx_site\/wp-json\/wp\/v2\/comments?post=3761"}],"version-history":[{"count":1,"href":"https:\/\/www.st-jacques-lorraine.fr\/asso_lorraine\/nvx_site\/wp-json\/wp\/v2\/pages\/3761\/revisions"}],"predecessor-version":[{"id":3764,"href":"https:\/\/www.st-jacques-lorraine.fr\/asso_lorraine\/nvx_site\/wp-json\/wp\/v2\/pages\/3761\/revisions\/3764"}],"up":[{"embeddable":true,"href":"https:\/\/www.st-jacques-lorraine.fr\/asso_lorraine\/nvx_site\/wp-json\/wp\/v2\/pages\/465"}],"wp:attachment":[{"href":"https:\/\/www.st-jacques-lorraine.fr\/asso_lorraine\/nvx_site\/wp-json\/wp\/v2\/media?parent=3761"}],"curies":[{"name":"wp","href":"https:\/\/api.w.org\/{rel}","templated":true}]}}