{"id":39,"date":"2013-08-09T15:48:08","date_gmt":"2013-08-09T14:48:08","guid":{"rendered":"http:\/\/www.st-jacques-lorraine.fr\/asso_lorraine\/nvx_site\/?page_id=39"},"modified":"2026-03-20T07:36:45","modified_gmt":"2026-03-20T06:36:45","slug":"bulletin-dadhesion","status":"publish","type":"page","link":"https:\/\/www.st-jacques-lorraine.fr\/asso_lorraine\/nvx_site\/association\/bulletin-dadhesion\/","title":{"rendered":"Adh\u00e9rer \/ faire un don"},"content":{"rendered":"\n<div data-wp-interactive=\"core\/file\" class=\"wp-block-file\"><object data-wp-bind--hidden=\"!state.hasPdfPreview\" hidden class=\"wp-block-file__embed\" data=\"https:\/\/www.st-jacques-lorraine.fr\/asso_lorraine\/nvx_site\/wp-content\/uploads\/2026\/03\/Bulletin-Adhesion-2026.pdf\" type=\"application\/pdf\" style=\"width:100%;height:600px\" aria-label=\"Contenu embarqu\u00e9 Bulletin Adh\u00e9sion 2026.\"><\/object><a id=\"wp-block-file--media-a16b4d17-0374-4161-8a9f-30c4dd571d22\" href=\"https:\/\/www.st-jacques-lorraine.fr\/asso_lorraine\/nvx_site\/wp-content\/uploads\/2026\/03\/Bulletin-Adhesion-2026.pdf\">Bulletin Adh\u00e9sion 2026<\/a><a href=\"https:\/\/www.st-jacques-lorraine.fr\/asso_lorraine\/nvx_site\/wp-content\/uploads\/2026\/03\/Bulletin-Adhesion-2026.pdf\" class=\"wp-block-file__button wp-element-button\" download aria-describedby=\"wp-block-file--media-a16b4d17-0374-4161-8a9f-30c4dd571d22\">T\u00e9l\u00e9charger<\/a><\/div>\n\n\n<div align=\"center\">\u00a0<\/div>\n<div align=\"center\">\u00a0<\/div>\n<div align=\"center\"><a href=\"https:\/\/www.st-jacques-lorraine.fr\/asso_lorraine\/nvx_site\/wp-content\/uploads\/2013\/08\/argent.jpg\"><img loading=\"lazy\" decoding=\"async\" class=\"aligncenter size-thumbnail wp-image-439\" src=\"https:\/\/www.st-jacques-lorraine.fr\/asso_lorraine\/nvx_site\/wp-content\/uploads\/2013\/08\/argent-150x150.jpg\" alt=\"argent\" width=\"150\" height=\"150\" \/><\/a><\/div>\n<h4 align=\"center\">\u00a0<\/h4>\n<h4 align=\"center\"><strong>Vous souhaiter nous aider\u00a0? Pourquoi ne pas faire un don ?<\/strong><\/h4>\n<div align=\"center\">\u00a0<\/div>\n<div style=\"text-align: left;\" align=\"center\"><strong>Le don :\u00a0<\/strong>Il s\u2019agit de nous faire parvenir spontan\u00e9ment la somme que vous souhaitez. Elle servira directement \u00e0 r\u00e9pondre aux besoins de promotion des chemins de Saint Jacques de Compostelle en Lorraine.<\/div>\n<div style=\"text-align: left;\" align=\"center\">\u00a0<\/div>\n<div style=\"text-align: left;\" align=\"center\">Vos dons doivent \u00eatre adress\u00e9 \u00e0 :<\/div>\n<div style=\"text-align: left;\" align=\"center\">Clotilde DILIGENT, 65 avenue Pierre Curie &#8211; 54520 LAXOU.<\/div>\n<div style=\"text-align: left;\" align=\"center\">Le ch\u00e8que doit \u00eatre \u00e0 l&rsquo;ordre de l&rsquo;Association des amis de Saint-Jacques-de-Compostelle Lorraine.<\/div>\n<div style=\"text-align: left;\" align=\"center\">\u00a0<\/div>\n<div style=\"text-align: left;\" align=\"center\">\u00a0<\/div>\n<div align=\"center\"><a href=\"https:\/\/www.st-jacques-lorraine.fr\/asso_lorraine\/nvx_site\/association\/president-jb\/\" rel=\"attachment wp-att-3819\"><img loading=\"lazy\" decoding=\"async\" class=\"alignnone size-medium wp-image-3819\" src=\"https:\/\/www.st-jacques-lorraine.fr\/asso_lorraine\/nvx_site\/wp-content\/uploads\/2026\/03\/President-JB-179x300.jpeg\" alt=\"\" width=\"179\" height=\"300\" srcset=\"https:\/\/www.st-jacques-lorraine.fr\/asso_lorraine\/nvx_site\/wp-content\/uploads\/2026\/03\/President-JB-179x300.jpeg 179w, https:\/\/www.st-jacques-lorraine.fr\/asso_lorraine\/nvx_site\/wp-content\/uploads\/2026\/03\/President-JB.jpeg 382w\" sizes=\"auto, (max-width: 179px) 100vw, 179px\" \/><\/a><\/div>\n<div style=\"text-align: left;\" align=\"center\">\u00a0<\/div>\n\n\n<p><\/p>\n","protected":false},"excerpt":{"rendered":"<p>\u00a0 \u00a0 \u00a0 Vous souhaiter nous aider\u00a0? Pourquoi ne pas faire un don ? \u00a0 Le don :\u00a0Il s\u2019agit de nous faire parvenir spontan\u00e9ment la somme que vous souhaitez. Elle servira directement \u00e0 r\u00e9pondre aux besoins de promotion des chemins &hellip; <a href=\"https:\/\/www.st-jacques-lorraine.fr\/asso_lorraine\/nvx_site\/association\/bulletin-dadhesion\/\">Continuer la lecture <span class=\"meta-nav\">&rarr;<\/span><\/a><\/p>\n","protected":false},"author":2,"featured_media":8,"parent":16,"menu_order":8,"comment_status":"closed","ping_status":"open","template":"","meta":{"footnotes":""},"class_list":["post-39","page","type-page","status-publish","has-post-thumbnail","hentry"],"_links":{"self":[{"href":"https:\/\/www.st-jacques-lorraine.fr\/asso_lorraine\/nvx_site\/wp-json\/wp\/v2\/pages\/39","targetHints":{"allow":["GET"]}}],"collection":[{"href":"https:\/\/www.st-jacques-lorraine.fr\/asso_lorraine\/nvx_site\/wp-json\/wp\/v2\/pages"}],"about":[{"href":"https:\/\/www.st-jacques-lorraine.fr\/asso_lorraine\/nvx_site\/wp-json\/wp\/v2\/types\/page"}],"author":[{"embeddable":true,"href":"https:\/\/www.st-jacques-lorraine.fr\/asso_lorraine\/nvx_site\/wp-json\/wp\/v2\/users\/2"}],"replies":[{"embeddable":true,"href":"https:\/\/www.st-jacques-lorraine.fr\/asso_lorraine\/nvx_site\/wp-json\/wp\/v2\/comments?post=39"}],"version-history":[{"count":15,"href":"https:\/\/www.st-jacques-lorraine.fr\/asso_lorraine\/nvx_site\/wp-json\/wp\/v2\/pages\/39\/revisions"}],"predecessor-version":[{"id":3866,"href":"https:\/\/www.st-jacques-lorraine.fr\/asso_lorraine\/nvx_site\/wp-json\/wp\/v2\/pages\/39\/revisions\/3866"}],"up":[{"embeddable":true,"href":"https:\/\/www.st-jacques-lorraine.fr\/asso_lorraine\/nvx_site\/wp-json\/wp\/v2\/pages\/16"}],"wp:featuredmedia":[{"embeddable":true,"href":"https:\/\/www.st-jacques-lorraine.fr\/asso_lorraine\/nvx_site\/wp-json\/wp\/v2\/media\/8"}],"wp:attachment":[{"href":"https:\/\/www.st-jacques-lorraine.fr\/asso_lorraine\/nvx_site\/wp-json\/wp\/v2\/media?parent=39"}],"curies":[{"name":"wp","href":"https:\/\/api.w.org\/{rel}","templated":true}]}}