{"id":868,"date":"2014-09-27T09:04:51","date_gmt":"2014-09-27T08:04:51","guid":{"rendered":"http:\/\/www.st-jacques-lorraine.fr\/asso_lorraine\/nvx_site\/?page_id=868"},"modified":"2023-10-17T11:14:37","modified_gmt":"2023-10-17T10:14:37","slug":"sortie-06042014-1ere-sortie-de-printemps-a-domremy","status":"publish","type":"page","link":"https:\/\/www.st-jacques-lorraine.fr\/asso_lorraine\/nvx_site\/la-phototheque\/sortie-06042014-1ere-sortie-de-printemps-a-domremy\/","title":{"rendered":"2014-04 : 1\u00e8re sortie de printemps \u00e0 Domr\u00e9my"},"content":{"rendered":"<p><a href=\"https:\/\/www.st-jacques-lorraine.fr\/asso_lorraine\/nvx_site\/wp-content\/uploads\/2014\/09\/P1000049.jpg\"><img loading=\"lazy\" decoding=\"async\" class=\"size-thumbnail wp-image-869 alignleft\" src=\"https:\/\/www.st-jacques-lorraine.fr\/asso_lorraine\/nvx_site\/wp-content\/uploads\/2014\/09\/P1000049-150x150.jpg\" alt=\"P1000049\" width=\"150\" height=\"150\"><\/a> <a href=\"https:\/\/www.st-jacques-lorraine.fr\/asso_lorraine\/nvx_site\/wp-content\/uploads\/2014\/09\/P1000050.jpg\"><img loading=\"lazy\" decoding=\"async\" class=\"size-thumbnail wp-image-870 alignright\" src=\"https:\/\/www.st-jacques-lorraine.fr\/asso_lorraine\/nvx_site\/wp-content\/uploads\/2014\/09\/P1000050-150x150.jpg\" alt=\"P1000050\" width=\"150\" height=\"150\"><\/a> <a href=\"https:\/\/www.st-jacques-lorraine.fr\/asso_lorraine\/nvx_site\/wp-content\/uploads\/2014\/09\/P1000051.jpg\"><img loading=\"lazy\" decoding=\"async\" class=\"size-thumbnail wp-image-871 alignleft\" src=\"https:\/\/www.st-jacques-lorraine.fr\/asso_lorraine\/nvx_site\/wp-content\/uploads\/2014\/09\/P1000051-150x150.jpg\" alt=\"P1000051\" width=\"150\" height=\"150\"><\/a> <a href=\"https:\/\/www.st-jacques-lorraine.fr\/asso_lorraine\/nvx_site\/wp-content\/uploads\/2014\/09\/P1000052.jpg\"><img loading=\"lazy\" decoding=\"async\" class=\"size-thumbnail wp-image-872 alignright\" src=\"https:\/\/www.st-jacques-lorraine.fr\/asso_lorraine\/nvx_site\/wp-content\/uploads\/2014\/09\/P1000052-150x150.jpg\" alt=\"P1000052\" width=\"150\" height=\"150\"><\/a> <a href=\"https:\/\/www.st-jacques-lorraine.fr\/asso_lorraine\/nvx_site\/wp-content\/uploads\/2014\/09\/P1000053.jpg\"><img loading=\"lazy\" decoding=\"async\" class=\"size-thumbnail wp-image-873 alignleft\" src=\"https:\/\/www.st-jacques-lorraine.fr\/asso_lorraine\/nvx_site\/wp-content\/uploads\/2014\/09\/P1000053-150x150.jpg\" alt=\"P1000053\" width=\"150\" height=\"150\"><\/a> <a href=\"https:\/\/www.st-jacques-lorraine.fr\/asso_lorraine\/nvx_site\/wp-content\/uploads\/2014\/09\/P1000054.jpg\"><img loading=\"lazy\" decoding=\"async\" class=\"size-thumbnail wp-image-874 alignright\" src=\"https:\/\/www.st-jacques-lorraine.fr\/asso_lorraine\/nvx_site\/wp-content\/uploads\/2014\/09\/P1000054-150x150.jpg\" alt=\"P1000054\" width=\"150\" height=\"150\"><\/a> <a href=\"https:\/\/www.st-jacques-lorraine.fr\/asso_lorraine\/nvx_site\/wp-content\/uploads\/2014\/09\/P1000055.jpg\"><img loading=\"lazy\" decoding=\"async\" class=\"size-thumbnail wp-image-875 alignleft\" src=\"https:\/\/www.st-jacques-lorraine.fr\/asso_lorraine\/nvx_site\/wp-content\/uploads\/2014\/09\/P1000055-150x150.jpg\" alt=\"P1000055\" width=\"150\" height=\"150\"><\/a> <a href=\"https:\/\/www.st-jacques-lorraine.fr\/asso_lorraine\/nvx_site\/wp-content\/uploads\/2014\/09\/P1000056.jpg\"><img loading=\"lazy\" decoding=\"async\" class=\"size-thumbnail wp-image-876 alignright\" src=\"https:\/\/www.st-jacques-lorraine.fr\/asso_lorraine\/nvx_site\/wp-content\/uploads\/2014\/09\/P1000056-150x150.jpg\" alt=\"P1000056\" width=\"150\" height=\"150\"><\/a> <a href=\"https:\/\/www.st-jacques-lorraine.fr\/asso_lorraine\/nvx_site\/wp-content\/uploads\/2014\/09\/P1000057.jpg\"><img loading=\"lazy\" decoding=\"async\" class=\"size-thumbnail wp-image-877 alignleft\" src=\"https:\/\/www.st-jacques-lorraine.fr\/asso_lorraine\/nvx_site\/wp-content\/uploads\/2014\/09\/P1000057-150x150.jpg\" alt=\"P1000057\" width=\"150\" height=\"150\"><\/a> <a href=\"https:\/\/www.st-jacques-lorraine.fr\/asso_lorraine\/nvx_site\/wp-content\/uploads\/2014\/09\/P1000058.jpg\"><img loading=\"lazy\" decoding=\"async\" class=\"size-thumbnail wp-image-878 alignright\" src=\"https:\/\/www.st-jacques-lorraine.fr\/asso_lorraine\/nvx_site\/wp-content\/uploads\/2014\/09\/P1000058-150x150.jpg\" alt=\"P1000058\" width=\"150\" height=\"150\"><\/a> <a href=\"https:\/\/www.st-jacques-lorraine.fr\/asso_lorraine\/nvx_site\/wp-content\/uploads\/2014\/09\/P1000059.jpg\"><img loading=\"lazy\" decoding=\"async\" class=\"size-thumbnail wp-image-879 alignleft\" src=\"https:\/\/www.st-jacques-lorraine.fr\/asso_lorraine\/nvx_site\/wp-content\/uploads\/2014\/09\/P1000059-150x150.jpg\" alt=\"P1000059\" width=\"150\" height=\"150\"><\/a> <a href=\"https:\/\/www.st-jacques-lorraine.fr\/asso_lorraine\/nvx_site\/wp-content\/uploads\/2014\/09\/P1000060.jpg\"><img loading=\"lazy\" decoding=\"async\" class=\"size-thumbnail wp-image-880 alignright\" src=\"https:\/\/www.st-jacques-lorraine.fr\/asso_lorraine\/nvx_site\/wp-content\/uploads\/2014\/09\/P1000060-150x150.jpg\" alt=\"P1000060\" width=\"150\" height=\"150\"><\/a> <a href=\"https:\/\/www.st-jacques-lorraine.fr\/asso_lorraine\/nvx_site\/wp-content\/uploads\/2014\/09\/P1000061.jpg\"><img loading=\"lazy\" decoding=\"async\" class=\"size-thumbnail wp-image-881 alignleft\" src=\"https:\/\/www.st-jacques-lorraine.fr\/asso_lorraine\/nvx_site\/wp-content\/uploads\/2014\/09\/P1000061-150x150.jpg\" alt=\"P1000061\" width=\"150\" height=\"150\"><\/a> <a href=\"https:\/\/www.st-jacques-lorraine.fr\/asso_lorraine\/nvx_site\/wp-content\/uploads\/2014\/09\/P1000062.jpg\"><img loading=\"lazy\" decoding=\"async\" class=\"size-thumbnail wp-image-882 alignright\" src=\"https:\/\/www.st-jacques-lorraine.fr\/asso_lorraine\/nvx_site\/wp-content\/uploads\/2014\/09\/P1000062-150x150.jpg\" alt=\"P1000062\" width=\"150\" height=\"150\"><\/a> <a href=\"https:\/\/www.st-jacques-lorraine.fr\/asso_lorraine\/nvx_site\/wp-content\/uploads\/2014\/09\/P1000063.jpg\"><img loading=\"lazy\" decoding=\"async\" class=\"size-thumbnail wp-image-883 alignleft\" src=\"https:\/\/www.st-jacques-lorraine.fr\/asso_lorraine\/nvx_site\/wp-content\/uploads\/2014\/09\/P1000063-150x150.jpg\" alt=\"P1000063\" width=\"150\" height=\"150\"><\/a><\/p>\n","protected":false},"excerpt":{"rendered":"","protected":false},"author":2,"featured_media":0,"parent":134,"menu_order":9,"comment_status":"closed","ping_status":"closed","template":"","meta":{"footnotes":""},"class_list":["post-868","page","type-page","status-publish","hentry"],"_links":{"self":[{"href":"https:\/\/www.st-jacques-lorraine.fr\/asso_lorraine\/nvx_site\/wp-json\/wp\/v2\/pages\/868","targetHints":{"allow":["GET"]}}],"collection":[{"href":"https:\/\/www.st-jacques-lorraine.fr\/asso_lorraine\/nvx_site\/wp-json\/wp\/v2\/pages"}],"about":[{"href":"https:\/\/www.st-jacques-lorraine.fr\/asso_lorraine\/nvx_site\/wp-json\/wp\/v2\/types\/page"}],"author":[{"embeddable":true,"href":"https:\/\/www.st-jacques-lorraine.fr\/asso_lorraine\/nvx_site\/wp-json\/wp\/v2\/users\/2"}],"replies":[{"embeddable":true,"href":"https:\/\/www.st-jacques-lorraine.fr\/asso_lorraine\/nvx_site\/wp-json\/wp\/v2\/comments?post=868"}],"version-history":[{"count":2,"href":"https:\/\/www.st-jacques-lorraine.fr\/asso_lorraine\/nvx_site\/wp-json\/wp\/v2\/pages\/868\/revisions"}],"predecessor-version":[{"id":2312,"href":"https:\/\/www.st-jacques-lorraine.fr\/asso_lorraine\/nvx_site\/wp-json\/wp\/v2\/pages\/868\/revisions\/2312"}],"up":[{"embeddable":true,"href":"https:\/\/www.st-jacques-lorraine.fr\/asso_lorraine\/nvx_site\/wp-json\/wp\/v2\/pages\/134"}],"wp:attachment":[{"href":"https:\/\/www.st-jacques-lorraine.fr\/asso_lorraine\/nvx_site\/wp-json\/wp\/v2\/media?parent=868"}],"curies":[{"name":"wp","href":"https:\/\/api.w.org\/{rel}","templated":true}]}}